ulate the remainder when 1044131 is divided by 522062.
7
Calculate the remainder when 125894 is divided by 65.
54
Calculate the remainder when 4521 is divided by 38.
37
Calculate the remainder when 10346 is divided by 522.
428
Calculate the remainder when 25819 is divided by 5157.
34
What is the remainder when 53007 is divided by 547?
495
Calculate the remainder when 12318 is divided by 4.
2
What is the remainder when 60827 is divided by 28?
11
What is the remainder when 66356 is divided by 92?
24
What is the remainder when 22 is divided by 4?
2
Calculate the remainder when 278767 is divided by 30973.
10
What is the remainder when 287966 is divided by 26177?
19
What is the remainder when 1884 is divided by 63?
57
What is the remainder when 8118 is divided by 537?
63
Calculate the remainder when 5227 is divided by 22.
13
Calculate the remainder when 12647 is divided by 222.
215
Calculate the remainder when 2231 is divided by 742.
5
Calculate the remainder when 639839 is divided by 258.
257
Calculate the remainder when 2166052 is divided by 22.
20
What is the remainder when 29783 is divided by 2282?
117
What is the remainder when 310356 is divided by 58?
56
What is the remainder when 1929 is divided by 129?
123
What is the remainder when 196192 is divided by 3?
1
Calculate the remainder when 10772 is divided by 2152.
12
Calculate the remainder when 27531 is divided by 130.
101
Calculate the remainder when 11156 is divided by 1539.
383
Calculate the remainder when 32258 is divided by 409.
356
What is the remainder when 82 is divided by 20?
2
Calculate the remainder when 196098 is divided by 49023.
6
Calculate the remainder when 284912 is divided by 658.
656
What is the remainder when 15765 is divided by 36?
33
Calculate the remainder when 1363 is divided by 269.
18
What is the remainder when 18195 is divided by 52?
47
What is the remainder when 708 is divided by 14?
8
Calculate the remainder when 120856 is divided by 115.
106
Calculate the remainder when 776 is divided by 381.
14
What is the remainder when 7876 is divided by 71?
66
Calculate the remainder when 27674 is divided by 5507.
139
Calculate the remainder when 87309 is divided by 7.
5
What is the remainder when 2796 is divided by 945?
906
What is the remainder when 102526 is divided by 50?
26
Calculate the remainder when 42908 is divided by 311.
301
Calculate the remainder when 7747 is divided by 204.
199
What is the remainder when 2217932 is divided by 23?
19
Calculate the remainder when 34853 is divided by 8711.
9
What is the remainder when 84944 is divided by 21234?
8
Calculate the remainder when 5828 is divided by 2622.
584
What is the remainder when 27014 is divided by 16?
6
What is the remainder when 1142657 is divided by 261?
260
Calculate the remainder when 497124 is divided by 1912.
4
What is the remainder when 185035 is divided by 4405?
25
Calculate the remainder when 115297 is divided by 25.
22
Calculate the remainder when 99007 is divided by 99007.
0
Calculate the remainder when 4028 is divided by 1004.
12
What is the remainder when 5484 is divided by 315?
129
Calculate the remainder when 957609 is divided by 33021.
0
What is the remainder when 3999 is divided by 45?
39
Calculate the remainder when 6135 is divided by 17.
15
Calculate the remainder when 32696 is divided by 863.
765
What is the remainder when 97378 is divided by 24341?
14
Calculate the remainder when 2587 is divided by 186.
169
What is the remainder when 3520 is divided by 2190?
1330
What is the remainder when 6370 is divided by 303?
7
Calculate the remainder when 3684 is divided by 640.
484
Calculate the remainder when 840375 is divided by 18.
9
What is the remainder when 46576 is divided by 23282?
12
Calculate the remainder when 49285 is divided by 122.
119
What is the remainder when 58806 is divided by 594?
0
Calculate the remainder when 42327 is divided by 48.
39
What is the remainder when 726 is divided by 720?
6
What is the remainder when 3717 is divided by 98?
91
Calculate the remainder when 59361 is divided by 989.
21
What is the remainder when 9004 is divided by 231?
226
What is the remainder when 59891 is divided by 31?
30
Calculate the remainder when 72584 is divided by 85.
79
What is the remainder when 6413 is divided by 82?
17
What is the remainder when 18412 is divided by 42?
16
What is the remainder when 5917 is divided by 3?
1
What is the remainder when 4258 is divided by 305?
293
Calculate the remainder when 230 is divided by 211.
19
Calculate the remainder when 10797 is divided by 225.
222
Calculate the remainder when 3749 is divided by 135.
104
What is the remainder when 6239 is divided by 6134?
105
Calculate the remainder when 5332 is divided by 1306.
108
What is the remainder when 27173 is divided by 138?
125
Calculate the remainder when 1297543 is divided by 266.
261
Calculate the remainder when 9900 is divided by 429.
33
What is the remainder when 652 is divided by 606?
46
Calculate the remainder when 50687 is divided by 3376.
47
What is the remainder when 72013 is divided by 7?
4
Calculate the remainder when 3678 is divided by 3619.
59
Calculate the remainder when 518027 is divided by 17863.
0
Calculate the remainder when 190238 is divided by 199.
193
Calculate the remainder when 2623 is divided by 831.
130
What is the remainder when 27429 is divided by 27?
24
Calculate the remainder when 32629 is divided by 795.
34
What is the remainder when 8654 is divided by 2143?
82
Calculate the remainder when 240440 is divided by 80143.
11
What is the remainder when 17263 is divided by 264?
103
What is the remainder when 16411 is divided by 1100?
1011
What is the remainder when 1336 is divided by 718?
618
Calculate the remainder when 80088 is divided by 16017.
3
Calculate the remainder when 398716 is divided by 70.
66
Calculate the remainder when 10127 is divided by 92.
7
Calculate the remainder when 30002 is divided by 577.
575
What is the remainder when 179880 is divided by 47?
11
What is the remainder when 45707 is divided by 22742?
223
What is the remainder when 39082 is divided by 439?
11
What is the remainder when 103592 is divided by 34530?
2
What is the remainder when 104305 is divided by 104280?
25
Calculate the remainder when 8746 is divided by 1160.
626
Calculate the remainder when 1876 is divided by 181.
66
Calculate the remainder when 1973 is divided by 837.
299
Calculate the remainder when 2856 is divided by 998.
860
Calculate the remainder when 162046 is divided by 4154.
40
What is the remainder when 132649 is divided by 70?
69
Calculate the remainder when 373610 is divided by 130.
120
What is the remainder when 14735 is divided by 20?
15
Calculate the remainder when 4486 is divided by 236.
2
What is the remainder when 381312 is divided by 38129?
22
Calculate the remainder when 5811 is divided by 338.
65
Calculate the remainder when 118723 is divided by 134.
133
Calculate the remainder when 300109 is divided by 217.
215
Calculate the remainder when 89024 is divided by 15.
14
What is the remainder when 4789 is divided by 88?
37
Calculate the remainder when 60478 is divided by 307.
306
Calculate the remainder when 552043 is divided by 848.
843
What is the remainder when 5188107 is divided by 138?
135
Calculate the remainder when 17343 is divided by 240.
63
What is the remainder when 8055 is divided by 4026?
3
Calculate the remainder when 2682 is divided by 358.
176
What is the remainder when 37194 is divided by 1546?
90
Calculate the remainder when 330055 is divided by 609.
586
What is the remainder when 11456 is divided by 219?
68
Calculate the remainder when 236 is divided by 4.
0
What is the remainder when 13862 is divided by 5?
2
What is the remainder when 117225 is divided by 88?
9
Calculate the remainder when 80222 is divided by 46.
44
What is the remainder when 104909 is divided by 632?
629
What is the remainder when 2138 is divided by 311?
272
What is the remainder when 103299 is divided by 103258?
41
Calculate the remainder when 1036286 is divided by 3075.
11
What is the remainder when 19465 is divided by 137?
11
What is the remainder when 952 is divided by 103?
25
What is the remainder when 5081 is divided by 625?
81
What is the remainder when 366 is divided by 220?
146
C